340313 (base 5) in base 16?
-2eb6
What is 85 (base 10) in base 15?
5a
Convert -1041 (base 5) to base 3.
-12102
What is 6d (base 15) in base 8?
147
Convert 431030 (base 6) to base 15.
a686
Convert 225 (base 9) to base 4.
2321
Convert -99 (base 16) to base 3.
-12200
Convert 58 (base 15) to base 2.
1010011
Convert 25648 (base 9) to base 6.
212025
1210333 (base 5) to base 12
110a9
85a (base 12) to base 9
1607
What is -137 (base 8) in base 11?
-87
What is -831 (base 9) in base 5?
-10201
Convert 1542 (base 6) to base 16.
1a6
What is 1110000000001000 (base 2) in base 7?
326131
What is 20133 (base 5) in base 10?
1293
What is 2224 (base 13) in base 4?
1022122
2e40 (base 15) to base 6
114040
Convert 1001010000010 (base 2) to base 7.
16546
What is -7176 (base 8) in base 7?
-13550
What is 446 (base 16) in base 7?
3122
Convert -1846 (base 16) to base 3.
-22112011
What is -11100110000111 (base 2) in base 15?
-456c
Convert 3167 (base 8) to base 16.
677
What is 4052 (base 7) in base 11?
1071
What is 122c4 (base 14) in base 6?
541512
22230123 (base 4) to base 3
2020002100
Convert 1007e (base 15) to base 10.
50744
Convert -6510 (base 7) to base 10.
-2310
What is 111544 (base 6) in base 12?
55b4
Convert -dd7 (base 16) to base 5.
-103133
What is 10103230 (base 4) in base 16?
44ec
Convert -28c (base 15) to base 4.
-21012
What is -1431302 (base 5) in base 11?
-20767
313133 (base 4) to base 12
207b
What is 813 (base 13) in base 7?
3663
Convert -50 (base 12) to base 4.
-330
Convert -201212 (base 4) to base 6.
-13542
-1111110101 (base 2) to base 12
-705
What is 1155343 (base 6) in base 12?
2bb53
Convert -1001000000 (base 2) to base 5.
-4301
Convert 8807 (base 10) to base 16.
2267
Convert -44443 (base 10) to base 13.
-172c9
Convert 273 (base 15) to base 7.
1425
102201022 (base 3) to base 7
33620
Convert 10024430 (base 5) to base 13.
2a541
Convert -31431 (base 7) to base 3.
-101122120
What is 2201002 (base 3) in base 13?
b8a
What is -102312 (base 4) in base 12?
-846
What is 952 (base 11) in base 6?
5150
What is 233 (base 9) in base 8?
300
What is 47e (base 16) in base 7?
3232
437 (base 8) to base 12
1bb
Convert -1012 (base 5) to base 9.
-156
2176 (base 16) to base 8
20566
What is -1c7 (base 14) in base 2?
-101110011
-242 (base 7) to base 8
-200
40410 (base 5) to base 9
3514
Convert 9c (base 14) to base 5.
1023
Convert -11726 (base 8) to base 7.
-20543
What is -7c0 (base 16) in base 3?
-2201111
What is 13232321 (base 4) in base 3?
1121110002
Convert -1344 (base 8) to base 2.
-1011100100
What is -12212 (base 5) in base 13?
-569
Convert -1235 (base 7) to base 3.
-122022
What is 10103230 (base 4) in base 5?
1031034
5042 (base 7) to base 12
1015
-233560 (base 7) to base 2
-1010010010010101
-6540 (base 10) to base 11
-4a06
Convert -1077 (base 8) to base 9.
-708
What is -2285 (base 11) in base 3?
-11010000
Convert -2022121 (base 3) to base 16.
-69a
Convert 3524 (base 8) to base 13.
b14
Convert 334 (base 15) to base 9.
884
Convert -1b6 (base 12) to base 10.
-282
What is 8b9 (base 16) in base 7?
6340
6051 (base 14) to base 5
1012120
-101 (base 5) to base 4
-122
What is f46f (base 16) in base 4?
33101233
What is 49a0 (base 12) in base 5?
231303
What is 101001011 (base 3) in base 10?
7321
What is 13044 (base 6) in base 4?
132310
c87b (base 13) to base 14
a1d0
115 (base 15) to base 6
1045
Convert 2759 (base 12) to base 10.
4533
Convert -1410 (base 13) to base 8.
-5506
2119 (base 10) to base 11
1657
Convert -195 (base 11) to base 10.
-225
Convert 2161 (base 7) to base 2.
1100001010
Convert 303222 (base 4) to base 12.
1ab6
What is 12537 (base 9) in base 15?
278d
12021 (base 5) to base 2
1101110110
What is -625 (base 12) in base 2?
-1101111101
What is 2000 (base 11) in base 2?
101001100110
What is 1219 (base 14) in base 3?
11100000
What is -120400 (base 5) in base 15?
-14d5
Convert 1012020221 (base 3) to base 4.
11233123
Convert -100222200 (base 3) to base 2.
-1110001110001
102021 (base 3) to base 8
460
Convert -10852 (base 12) to base 3.
-1010002222
-1109 (base 10) to base 3
-1112002
Convert -32632 (base 10) to base 16.
-7f78
Convert -aab (base 12) to base 4.
-120203
What is -3465 (base 11) in base 10?
-4548
-121333 (base 4) to base 2
-11001111111
101103 (base 4) to base 16
453
Convert 12222031 (base 4) to base 2.
110101010001101
-5701 (base 10) to base 15
-1a51
What is 37053 (base 10) in base 15?
aea3
Convert 119d (base 15) to base 3.
12010211
12022 (base 5) to base 14
475
Convert -33145 (base 6) to base 3.
-20022102
b32 (base 14) to base 2
100010011000
64302 (base 8) to base 12
1362a
Convert -100120 (base 4) to base 2.
-10000011000
Convert -45310 (base 6) to base 10.
-6378
Convert 2427 (base 8) to base 16.
517
-2276 (base 14) to base 2
-1011101100000
-18375 (base 11) to base 10
-25734
-211111202 (base 3) to base 13
-7613
What is -26642 (base 8) in base 14?
-4386
Convert 3bc (base 16) to base 5.
12311
Convert 57462 (base 9) to base 10.
38288
What is -12133 (base 5) in base 3?
-1021000
Convert 211 (base 13) to base 15.
187
Convert 1105 (base 10) to base 5.
13410
Convert -300014 (base 7) to base 14.
-14544
What is -544 (base 8) in base 16?
-164
Convert -10000110 (base 2) to base 4.
-2012
What is 12327 (base 9) in base 3?
102100221
Convert fe3 (base 16) to base 8.
7743
-11000111001000 (base 2) to base 5
-401434
Convert -76 (base 14) to base 8.
-150
What is 4248 (base 9) in base 8?
6062
Convert -11010101 (base 2) to base 10.
-213
What is -152d (base 14) in base 12?
-2219
Convert 3ac0 (base 13) to base 10.
8437
What is -305 (base 8) in base 14?
-101
What is -10763 (base 11) in base 15?
-4922
Convert 141442 (base 6) to base 14.
4c14
-23338 (base 9) to base 7
-63305
Convert 2210222 (base 3) to base 16.
803
Convert 11002110 (base 3) to base 15.
d3c
-12d7 (base 16) to base 11
-3695
-7703 (base 8) to base 6
-30403
What is -2626 (base 15) in base 7?
-32502
4313 (base 5) to base 12
407
-2354 (base 6) to base 2
-1000111110
What is -738 (base 10) in base 13?
-44a
What is -112205 (base 6) in base 11?
-7220
Convert 130032 (base 4) to base 10.
1806
-120 (base 14) to base 5
-1344
-3744 (base 8) to base 12
-1204
Convert 6226 (base 10) to base 8.
14122
What is 727 (base 11) in base 13?
525
Convert -4a65 (base 15) to base 7.
-64124
What is -132234 (base 5) in base 7?
-21336
-1022212220 (base 3) to base 16
-6630
5811 (base 9) to base 6
31531
10100111000 (base 2) to base 15
5e1
Convert -29281 (base 10) to base 6.
-343321
What is -8bd (base 16) in base 12?
-1365
What is 255 (base 10) in base 5?
2010
Convert -3a9 (base 13) to base 8.
-1206
-439 (base 12) to base 8
-1155
-337 (base 12) to base 3
-122121
What is 3736 (base 9) in base 12?
1743
Convert -3576 (base 11) to base 13.
-2191
What is b9da (base 15) in base 6?
502111
Convert 1011101 (base 2) to base 12.
79
What is -127a (base 12) in base 16?
-83e
Convert 4044 (base 10) to base 15.
12e9
What is -3746 (base 10) in base 13?
-1922
-15303 (base 7) to base 2
-1000010101010
-353 (base 6) to base 15
-96
Convert b2ff (base 16) to base 2.
1011001011111111
What is -4164 (base 7) in base 8?
-2673
Convert 560 (base 9) to base 3.
122000
8a (base 14) to base 4
1322
Convert -284 (base 14) to base 13.
-301
25328 (base 12) to base 15
eebb
Convert 8041 (base 10) to base 5.
224131
Convert -437 (base 13) to base 12.
-502
What is 753 (base 11) in base 9?
1215
Convert 1184 (base 16) to base 8.
10604
Convert -3102 (base 6) to base 7.
-2000
Convert 3404 (base 15) to base 9.
16114
What is 1677 (base 10) in base 4?
122031
Convert -1520 (base 13) to base 7.
-11642
Convert 2333403 (base 5) to base 2.
1010011111100010
Convert -1044 (base 16) to base 8.
-10104
What is -3b (base 12) in base 15?
-32
-140440 (base 5) to base 8
-13161
Convert -342 (base 12) to base 16.
-1e2
What is 1132 (base 5) in base 15?
b2
Convert 2058 (base 9) to base 6.
10555
What is -104404 (base 6) in base 9?
-13044
-2101202 (base 3) to base 7
-5045
-437 (base 11) to base 13
-314
Convert 10a (base 12) to base 8.
232
-2b7 (base 12) to base 10
-427
What is -140541 (base 6) in base 5?
-410130
What is -539 (base 16) in base 15?
-5e2
-888 (base 11) to base 3
-1110102
20012222 (base 4) to base 11
22a37
Convert 2 (base 15) to base 3.
2
311232 (base 4) to base 7
13011
-1022 (base 3) to base 12
-2b
-2625 (base 7) to